12) in base 15?
5
What is -25 (base 6) in base 8?
-21
Convert -3 (base 16) to base 15.
-3
7 (base 15) to base 12
7
-2 (base 6) to base 15
-2
Convert -21c (base 13) to base 5.
-2423
What is 2 (base 9) in base 3?
2
Convert -24 (base 6) to base 8.
-20
-28 (base 15) to base 10
-38
Convert 0 (base 13) to base 7.
0
Convert -12 (base 8) to base 12.
-a
Convert 65 (base 9) to base 5.
214
What is -322 (base 7) in base 10?
-163
13 (base 8) to base 16
b
Convert 0 (base 8) to base 7.
0
Convert -52 (base 15) to base 3.
-2212
What is -d (base 15) in base 5?
-23
What is 41 (base 10) in base 11?
38
What is 3 (base 6) in base 4?
3
Convert 10 (base 16) to base 7.
22
What is -424 (base 6) in base 3?
-12221
-1 (base 14) to base 8
-1
What is 46 (base 12) in base 6?
130
Convert 4 (base 10) to base 3.
11
Convert 14 (base 12) to base 4.
100
-132 (base 8) to base 6
-230
What is -12 (base 14) in base 2?
-10000
-210 (base 4) to base 12
-30
Convert -21 (base 4) to base 2.
-1001
What is 0 (base 15) in base 12?
0
What is 4 (base 6) in base 9?
4
What is -a (base 15) in base 3?
-101
What is 12 (base 11) in base 15?
d
-8 (base 10) to base 15
-8
11 (base 4) to base 12
5
Convert 10 (base 6) to base 12.
6
What is -3 (base 5) in base 11?
-3
What is -e0 (base 15) in base 8?
-322
Convert -d (base 15) to base 13.
-10
0 (base 2) to base 8
0
Convert -3 (base 4) to base 12.
-3
2 (base 14) to base 7
2
Convert 1 (base 16) to base 6.
1
Convert 7 (base 14) to base 3.
21
Convert -5 (base 15) to base 3.
-12
Convert -242 (base 5) to base 13.
-57
What is -4 (base 7) in base 2?
-100
Convert 0 (base 8) to base 16.
0
Convert 3 (base 12) to base 8.
3
Convert 21 (base 6) to base 7.
16
-1 (base 14) to base 7
-1
-37 (base 16) to base 5
-210
What is -1 (base 7) in base 15?
-1
What is -2 (base 14) in base 15?
-2
What is -3 (base 15) in base 16?
-3
111 (base 2) to base 4
13
47 (base 10) to base 2
101111
-6 (base 12) to base 4
-12
Convert -3 (base 5) to base 9.
-3
1 (base 8) to base 5
1
Convert 70 (base 10) to base 4.
1012
Convert 13 (base 5) to base 3.
22
1 (base 14) to base 5
1
What is -4 (base 15) in base 6?
-4
What is -69 (base 10) in base 16?
-45
-25 (base 12) to base 10
-29
What is 23 (base 6) in base 10?
15
-11 (base 3) to base 14
-4
Convert 7 (base 14) to base 16.
7
Convert -2000 (base 3) to base 4.
-312
101 (base 2) to base 4
11
-3f (base 16) to base 9
-70
What is -10 (base 9) in base 6?
-13
What is -43 (base 11) in base 6?
-115
What is -c9 (base 14) in base 13?
-108
Convert 1101001 (base 2) to base 8.
151
4 (base 13) to base 4
10
What is 1 (base 11) in base 6?
1
Convert 7 (base 15) to base 10.
7
Convert -1 (base 15) to base 11.
-1
What is 110 (base 2) in base 6?
10
77 (base 13) to base 3
10122
0 (base 15) to base 3
0
Convert 46 (base 16) to base 14.
50
Convert -2 (base 9) to base 5.
-2
-77 (base 10) to base 6
-205
-2 (base 7) to base 11
-2
What is -30 (base 13) in base 3?
-1110
0 (base 4) to base 6
0
What is 3 (base 7) in base 14?
3
What is -3 (base 8) in base 15?
-3
2 (base 4) to base 15
2
What is -10 (base 4) in base 13?
-4
1001 (base 2) to base 12
9
What is -16 (base 15) in base 8?
-25
What is -3 (base 8) in base 4?
-3
What is -3 (base 10) in base 5?
-3
Convert -10 (base 2) to base 6.
-2
-3 (base 12) to base 15
-3
What is -130 (base 5) in base 11?
-37
What is -17c (base 14) in base 15?
-156
What is 12 (base 5) in base 13?
7
0 (base 8) to base 4
0
203 (base 4) to base 5
120
What is -2 (base 3) in base 13?
-2
What is 0 (base 12) in base 3?
0
What is 0 (base 10) in base 3?
0
7c (base 16) to base 14
8c
Convert 3 (base 8) to base 14.
3
What is 0 (base 16) in base 2?
0
-33 (base 9) to base 11
-28
-2 (base 7) to base 5
-2
What is 20 (base 12) in base 4?
120
-31 (base 9) to base 12
-24
Convert 8 (base 12) to base 6.
12
What is 1113 (base 6) in base 5?
2021
What is 73 (base 8) in base 14?
43
Convert -2211 (base 4) to base 2.
-10100101
What is 5 (base 16) in base 6?
5
What is 21 (base 3) in base 13?
7
3 (base 7) to base 5
3
34 (base 7) to base 3
221
4 (base 15) to base 8
4
1 (base 7) to base 4
1
What is a6 (base 16) in base 11?
141
What is 10 (base 3) in base 2?
11
7 (base 13) to base 12
7
-6 (base 14) to base 10
-6
What is 13 (base 5) in base 12?
8
-1232 (base 4) to base 14
-7c
What is 2 (base 4) in base 14?
2
2 (base 5) to base 15
2
-2 (base 7) to base 6
-2
What is -12 (base 5) in base 16?
-7
-9 (base 16) to base 5
-14
What is 6 (base 8) in base 12?
6
35 (base 14) to base 12
3b
What is -4 (base 11) in base 13?
-4
Convert 1211 (base 3) to base 2.
110001
What is -110010 (base 2) in base 14?
-38
5 (base 12) to base 7
5
Convert -1131 (base 4) to base 16.
-5d
36 (base 12) to base 2
101010
1 (base 6) to base 14
1
What is 0 (base 15) in base 4?
0
Convert 1 (base 13) to base 11.
1
Convert -20 (base 4) to base 15.
-8
-10 (base 4) to base 9
-4
103 (base 6) to base 2
100111
What is -100212 (base 3) in base 6?
-1122
4 (base 11) to base 2
100
What is -3 (base 8) in base 13?
-3
What is -5 (base 14) in base 12?
-5
What is -44 (base 15) in base 12?
-54
Convert -10 (base 7) to base 11.
-7
Convert -1011 (base 2) to base 8.
-13
-20 (base 15) to base 4
-132
143 (base 6) to base 12
53
What is 4 (base 8) in base 13?
4
Convert -10 (base 3) to base 15.
-3
Convert 70 (base 14) to base 9.
118
What is -21 (base 12) in base 2?
-11001
-1 (base 10) to base 4
-1
Convert -6 (base 13) to base 12.
-6
What is 29 (base 11) in base 13?
25
143 (base 16) to base 2
101000011
What is 124 (base 5) in base 13?
30
What is -13 (base 15) in base 6?
-30
What is 1302 (base 4) in base 15?
79
Convert 0 (base 3) to base 14.
0
Convert 1b (base 16) to base 14.
1d
Convert d (base 14) to base 15.
d
What is 5 (base 15) in base 5?
10
Convert -2 (base 16) to base 11.
-2
Convert 101010 (base 2) to base 10.
42
-ee (base 16) to base 14
-130
-13 (base 8) to base 2
-1011
Convert 101111 (base 2) to base 16.
2f
Convert -13 (base 6) to base 4.
-21
Convert 1 (base 16) to base 10.
1
What is 11 (base 3) in base 9?
4
2 (base 14) to base 15
2
What is -82 (base 10) in base 14?
-5c
-8 (base 14) to base 7
-11
12 (base 3) to base 5
10
-13 (base 7) to base 2
-1010
What is -3 (base 16) in base 6?
-3
5a (base 11) to base 7
122
What is 1 (base 10) in base 4?
1
Convert 11 (base 2) to base 11.
3
What is -4 (base 7) in base 3?
-11
Convert -9 (base 12) to base 14.
-9
What is 237 (base 11) in base 4?
10122
What is -24 (base 6) in base 7?
-22
What is -16 (base 14) in base 7?
-26
What is 30 (base 15) in base 13?
36
What is -1110100 (base 2) in base 8?
-164
18 (base 14) to base 11
20
-10111 (base 2) to base 5
-43
312 (base 5) to base 3
10001
33 (base 10) to base 6
53
Convert -38 (base 9) to base 11.
-32
3 (base 16) to base 4
3
What is 3 (base 16) in base 8?
3
Convert -35 (base 8) to base 15.
-1e
Convert -1 (base 3) to base 2.
-1
What is 4 (base 14) in base 8?
4
-4a (base 14) to base 13
-51
-9 (base 11) to base 6
-13
What is -10110 (base 3) in base 2?
-1011101
What is -111 (base 4) in base 13?
-18
a (base 16) to base 9
11
What is 52 (base 6) in base 15?
22
Convert -7a (base 15) to base 11.
-a5
Convert -4 (base 10) to base 2.
-100
What is 36 (base 15) in base 9?
56
What is 84 (base 15) in base 6?
324
-4 (base 7) to base 8
-4
What is -1100 (base 2) in base 3?
-110
What is 0 (base 6) in base 7?
0
What is -12 (base 5) in base 6?
-11
7 (base 16) to base 5
12
402 (base 5) to base 2
1100110
-3b (base 15) to base 6
-132
Convert -40 (base 5) to base 4.
-110
What is 213 (base 4) in base 3?
1110
-3 (base 8) to base 7
-3
4 (base 14) to base 11
4
What is -25 (base 6) in base 4?
-101
Convert -423 (base 6) to base 5.
-1114
Convert 6 (base 8) to base 15.
6
Convert -6 (base 15) to base 12.
-6
-142 (base 10) to base 2
-10001110
Convert 3 (base 8) to base 9.
3
Convert -100 (base 4) to base 16.
-10
What is 1 (base 3) in base 9?
1
What is a7 (base 15) in base 11?
133
-17 (base 10) to base 12
-15
Convert 2 (base 5) to base 13.
2
-3 (base 5) to base 7
-3
Convert -11100110 (base 2) to base 5.
-1410
Convert -1 (base 3) to base 16.
-1
-25 (base 7) to base 15
-14
Convert 2 (base 11) to base 10.
2
What is -67 (base 10) in base 11?
-61
Convert -23 (base 8) to base 9.
-21
Convert 12 (base 9) to base 12.
b
-10101001 (base 2) to base 3
-20021
What is -13 (base 5) in base 7?
-11
What is -13 (base 10) in base 3?
-1